5982?
2, 247991
What are the prime factors of 6704183?
809, 8287
What are the prime factors of 676132?
2, 43, 3931
What are the prime factors of 86918?
2, 13, 3343
What are the prime factors of 969567?
3, 79, 4091
What are the prime factors of 4823634?
2, 3, 803939
What are the prime factors of 6291904?
2, 17, 5783
List the prime factors of 208770.
2, 3, 5, 6959
List the prime factors of 102042.
2, 3, 5669
What are the prime factors of 5193287?
11, 173, 2729
What are the prime factors of 5736576?
2, 3, 14939
List the prime factors of 3657793.
3657793
List the prime factors of 15606945.
3, 5, 193, 599
What are the prime factors of 102312?
2, 3, 7, 29
What are the prime factors of 4077794?
2, 7, 291271
List the prime factors of 307027.
7, 23, 1907
What are the prime factors of 94718?
2, 13, 3643
What are the prime factors of 9625238?
2, 7, 687517
What are the prime factors of 1876654?
2, 13, 89, 811
List the prime factors of 6546.
2, 3, 1091
List the prime factors of 1168837.
23, 89, 571
List the prime factors of 665955.
3, 5, 4933
What are the prime factors of 1356985?
5, 7, 137, 283
What are the prime factors of 22785092?
2, 11, 59, 67, 131
List the prime factors of 694502.
2, 347251
What are the prime factors of 5978431?
433, 13807
List the prime factors of 16985227.
7, 17, 142733
What are the prime factors of 1725897?
3, 23, 25013
What are the prime factors of 472979?
13, 36383
What are the prime factors of 922137?
3, 61, 5039
List the prime factors of 654069.
3, 13, 31, 541
What are the prime factors of 927244?
2, 59, 3929
List the prime factors of 10259534.
2, 17, 301751
What are the prime factors of 117250?
2, 5, 7, 67
What are the prime factors of 11509342?
2, 13, 179, 2473
List the prime factors of 2166905.
5, 13, 17, 37, 53
What are the prime factors of 322946?
2, 13, 12421
What are the prime factors of 2925577?
23, 311, 409
List the prime factors of 447218.
2, 311, 719
What are the prime factors of 733391?
733391
What are the prime factors of 1073079?
3, 7, 17033
What are the prime factors of 230369?
230369
What are the prime factors of 443541?
3, 7, 21121
List the prime factors of 1033693.
1033693
List the prime factors of 496073.
496073
What are the prime factors of 6302790?
2, 3, 5, 13, 5387
What are the prime factors of 214149?
3, 13, 17, 19
List the prime factors of 1390950.
2, 3, 5, 11, 281
What are the prime factors of 2829311?
2829311
List the prime factors of 8495731.
8495731
What are the prime factors of 626559?
3, 73, 2861
List the prime factors of 2567607.
3, 7, 122267
What are the prime factors of 244150?
2, 5, 19, 257
List the prime factors of 12267210.
2, 3, 5, 461, 887
List the prime factors of 20528746.
2, 7, 209477
List the prime factors of 198645.
3, 5, 17, 19, 41
List the prime factors of 1384220.
2, 5, 67, 1033
List the prime factors of 3471653.
3471653
List the prime factors of 14154751.
13, 1088827
List the prime factors of 261664.
2, 13, 17, 37
List the prime factors of 169880.
2, 5, 31, 137
List the prime factors of 400209.
3, 133403
List the prime factors of 23394412.
2, 53, 163, 677
What are the prime factors of 17925816?
2, 3, 19, 2069
List the prime factors of 177935.
5, 19, 1873
What are the prime factors of 17811310?
2, 5, 11, 161921
List the prime factors of 124606.
2, 62303
What are the prime factors of 61948?
2, 17, 911
What are the prime factors of 719726?
2, 7, 101, 509
List the prime factors of 128376.
2, 3, 1783
List the prime factors of 689797.
689797
List the prime factors of 365197.
7, 29, 257
List the prime factors of 59822.
2, 7, 4273
List the prime factors of 9332841.
3, 7, 444421
List the prime factors of 1358196.
2, 3, 7, 19, 23, 37
What are the prime factors of 94183?
19, 4957
What are the prime factors of 2582167?
7, 368881
List the prime factors of 21769150.
2, 5, 13, 107, 313
List the prime factors of 249872.
2, 7, 23, 97
List the prime factors of 428441.
13, 32957
List the prime factors of 238011.
3, 79337
What are the prime factors of 7105583?
7105583
List the prime factors of 38603479.
38603479
List the prime factors of 2433277.
7, 11, 31601
What are the prime factors of 379646?
2, 189823
What are the prime factors of 219150?
2, 3, 5, 487
What are the prime factors of 2824596?
2, 3, 31, 2531
What are the prime factors of 510620?
2, 5, 11, 211
List the prime factors of 16485639.
3, 359, 15307
What are the prime factors of 1457043?
3, 7, 69383
What are the prime factors of 16096586?
2, 11, 17, 193, 223
What are the prime factors of 661760?
2, 5, 11, 47
List the prime factors of 9736558.
2, 13, 374483
What are the prime factors of 54447?
3, 18149
List the prime factors of 3717438.
2, 3, 619573
What are the prime factors of 2245119?
3, 41, 18253
List the prime factors of 20865022.
2, 10432511
What are the prime factors of 8962953?
3, 2987651
List the prime factors of 3937881.
3, 29, 45263
List the prime factors of 125277.
3, 41759
What are the prime factors of 8818969?
8818969
What are the prime factors of 8171620?
2, 5, 29, 73, 193
List the prime factors of 2079180.
2, 3, 5, 11551
List the prime factors of 1484726.
2, 79, 9397
What are the prime factors of 240038?
2, 257, 467
List the prime factors of 609680.
2, 5, 7621
What are the prime factors of 77852?
2, 19463
List the prime factors of 2295816.
2, 3, 17, 331
What are the prime factors of 30485?
5, 7, 13, 67
List the prime factors of 1850012.
2, 317, 1459
List the prime factors of 317154.
2, 3, 52859
List the prime factors of 9334644.
2, 3, 11, 70717
What are the prime factors of 264287?
127, 2081
List the prime factors of 407427.
3, 67, 2027
What are the prime factors of 4142763?
3, 41, 103, 109
What are the prime factors of 1030036?
2, 7, 36787
List the prime factors of 8068590.
2, 3, 5, 37, 2423
What are the prime factors of 8332530?
2, 3, 5, 277751
What are the prime factors of 97109?
19, 269
What are the prime factors of 218790?
2, 3, 5, 11, 13, 17
What are the prime factors of 2711340?
2, 3, 5, 5021
What are the prime factors of 680854?
2, 67, 5081
What are the prime factors of 1026926?
2, 43, 11941
What are the prime factors of 3693?
3, 1231
What are the prime factors of 27474914?
2, 13737457
What are the prime factors of 5045493?
3, 61, 79, 349
List the prime factors of 1649134.
2, 709, 1163
List the prime factors of 12948878.
2, 6474439
List the prime factors of 4524752.
2, 282797
What are the prime factors of 344553?
3, 11, 53, 197
List the prime factors of 9266.
2, 41, 113
What are the prime factors of 67826?
2, 11, 3083
What are the prime factors of 641364?
2, 3, 19, 29, 97
List the prime factors of 27567104.
2, 26921
What are the prime factors of 1398221?
11, 79, 1609
List the prime factors of 393711.
3, 263, 499
List the prime factors of 538585.
5, 107717
What are the prime factors of 82006?
2, 131, 313
What are the prime factors of 32375535?
3, 5, 2158369
List the prime factors of 270924.
2, 3, 107, 211
What are the prime factors of 77575?
5, 29, 107
What are the prime factors of 21384?
2, 3, 11
List the prime factors of 1867471.
31, 107, 563
List the prime factors of 15929574.
2, 3, 53, 50093
What are the prime factors of 1261568?
2, 7, 11
List the prime factors of 5157105.
3, 5, 89, 3863
What are the prime factors of 23112854?
2, 19, 131, 4643
List the prime factors of 2973506.
2, 61, 24373
What are the prime factors of 350124?
2, 3, 163, 179
List the prime factors of 3018509.
13, 53, 337
List the prime factors of 170592.
2, 3, 1777
What are the prime factors of 10182598?
2, 881, 5779
List the prime factors of 366825.
3, 5, 67, 73
What are the prime factors of 6577728?
2, 3, 34259
What are the prime factors of 2358348?
2, 3, 59, 3331
What are the prime factors of 1746848?
2, 79, 691
What are the prime factors of 610520?
2, 5, 15263
List the prime factors of 2232118.
2, 7, 159437
List the prime factors of 4222164.
2, 3, 351847
What are the prime factors of 526167?
3, 17, 19, 181
What are the prime factors of 1769862?
2, 3, 97, 3041
What are the prime factors of 3360460?
2, 5, 168023
What are the prime factors of 1277522?
2, 19, 33619
List the prime factors of 393411.
3, 71, 1847
What are the prime factors of 150860?
2, 5, 19, 397
List the prime factors of 469198.
2, 234599
What are the prime factors of 2173328?